{"id":40057,"date":"2023-08-02T11:31:38","date_gmt":"2023-08-02T11:31:38","guid":{"rendered":"https:\/\/lamarescapela.pt\/rgdp-protecao-de-dados-pessoais\/"},"modified":"2025-01-09T11:14:46","modified_gmt":"2025-01-09T11:14:46","slug":"rgdp-protecao-de-dados-pessoais","status":"publish","type":"page","link":"https:\/\/lamarescapela.pt\/es\/rgdp-protecao-de-dados-pessoais\/","title":{"rendered":"RGPD, Condiciones para el Tratamiento de Datos Personales"},"content":{"rendered":"\t\t<div data-elementor-type=\"wp-page\" data-elementor-id=\"40057\" class=\"elementor elementor-40057 elementor-36774\" data-elementor-settings=\"{&quot;element_pack_global_tooltip_width&quot;:{&quot;unit&quot;:&quot;px&quot;,&quot;size&quot;:&quot;&quot;,&quot;sizes&quot;:[]},&quot;element_pack_global_tooltip_width_tablet&quot;:{&quot;unit&quot;:&quot;px&quot;,&quot;size&quot;:&quot;&quot;,&quot;sizes&quot;:[]},&quot;element_pack_global_tooltip_width_mobile&quot;:{&quot;unit&quot;:&quot;px&quot;,&quot;size&quot;:&quot;&quot;,&quot;sizes&quot;:[]},&quot;element_pack_global_tooltip_padding&quot;:{&quot;unit&quot;:&quot;px&quot;,&quot;top&quot;:&quot;&quot;,&quot;right&quot;:&quot;&quot;,&quot;bottom&quot;:&quot;&quot;,&quot;left&quot;:&quot;&quot;,&quot;isLinked&quot;:true},&quot;element_pack_global_tooltip_padding_tablet&quot;:{&quot;unit&quot;:&quot;px&quot;,&quot;top&quot;:&quot;&quot;,&quot;right&quot;:&quot;&quot;,&quot;bottom&quot;:&quot;&quot;,&quot;left&quot;:&quot;&quot;,&quot;isLinked&quot;:true},&quot;element_pack_global_tooltip_padding_mobile&quot;:{&quot;unit&quot;:&quot;px&quot;,&quot;top&quot;:&quot;&quot;,&quot;right&quot;:&quot;&quot;,&quot;bottom&quot;:&quot;&quot;,&quot;left&quot;:&quot;&quot;,&quot;isLinked&quot;:true},&quot;element_pack_global_tooltip_border_radius&quot;:{&quot;unit&quot;:&quot;px&quot;,&quot;top&quot;:&quot;&quot;,&quot;right&quot;:&quot;&quot;,&quot;bottom&quot;:&quot;&quot;,&quot;left&quot;:&quot;&quot;,&quot;isLinked&quot;:true},&quot;element_pack_global_tooltip_border_radius_tablet&quot;:{&quot;unit&quot;:&quot;px&quot;,&quot;top&quot;:&quot;&quot;,&quot;right&quot;:&quot;&quot;,&quot;bottom&quot;:&quot;&quot;,&quot;left&quot;:&quot;&quot;,&quot;isLinked&quot;:true},&quot;element_pack_global_tooltip_border_radius_mobile&quot;:{&quot;unit&quot;:&quot;px&quot;,&quot;top&quot;:&quot;&quot;,&quot;right&quot;:&quot;&quot;,&quot;bottom&quot;:&quot;&quot;,&quot;left&quot;:&quot;&quot;,&quot;isLinked&quot;:true}}\" data-elementor-post-type=\"page\">\n\t\t\t\t<div class=\"elementor-element elementor-element-5c958705 e-flex e-con-boxed e-con e-parent\" data-id=\"5c958705\" data-element_type=\"container\" data-e-type=\"container\" data-settings=\"{&quot;background_background&quot;:&quot;classic&quot;}\">\n\t\t\t\t\t<div class=\"e-con-inner\">\n\t\t\t\t<div class=\"elementor-element elementor-element-51ee664c elementor-widget elementor-widget-heading\" data-id=\"51ee664c\" data-element_type=\"widget\" data-e-type=\"widget\" data-widget_type=\"heading.default\">\n\t\t\t\t<div class=\"elementor-widget-container\">\n\t\t\t\t\t<h1 class=\"elementor-heading-title elementor-size-default\">RGPD, Condiciones para el Tratamiento de Datos Personales<\/h1>\t\t\t\t<\/div>\n\t\t\t\t<\/div>\n\t\t\t\t<div class=\"elementor-element elementor-element-639adeeb elementor-widget-divider--view-line elementor-widget elementor-widget-divider\" data-id=\"639adeeb\" data-element_type=\"widget\" data-e-type=\"widget\" data-widget_type=\"divider.default\">\n\t\t\t\t<div class=\"elementor-widget-container\">\n\t\t\t\t\t\t\t<div class=\"elementor-divider\">\n\t\t\t<span class=\"elementor-divider-separator\">\n\t\t\t\t\t\t<\/span>\n\t\t<\/div>\n\t\t\t\t\t\t<\/div>\n\t\t\t\t<\/div>\n\t\t\t\t\t<\/div>\n\t\t\t\t<\/div>\n\t\t<div class=\"elementor-element elementor-element-83ce2f8 e-flex e-con-boxed e-con e-parent\" data-id=\"83ce2f8\" data-element_type=\"container\" data-e-type=\"container\">\n\t\t\t\t\t<div class=\"e-con-inner\">\n\t\t\t\t<div class=\"elementor-element elementor-element-7aeb7b65 elementor-widget elementor-widget-text-editor\" data-id=\"7aeb7b65\" data-element_type=\"widget\" data-e-type=\"widget\" data-widget_type=\"text-editor.default\">\n\t\t\t\t<div class=\"elementor-widget-container\">\n\t\t\t\t\t\t\t\t\t<p>Los datos recogidos en este formulario ser\u00e1n tratados por Lamares, Capela &amp; Associados, Sociedade de Advogados, SP RL (\u201cLACA\u201d), como responsable del tratamiento.<\/p>\n<p>La informaci\u00f3n proporcionada ser\u00e1 procesada, con su consentimiento, con el fin de enviarle comunicaciones e informaci\u00f3n relevante, y se conservar\u00e1 mientras mantenga su inter\u00e9s en recibir nuestras comunicaciones e informaci\u00f3n relevante. LACA utilizar\u00e1 entidades subcontratadas para los fines antes mencionados, garantizando la confidencialidad y seguridad de los datos personales que nos proporcione.<\/p>\n<p>De acuerdo con la legislaci\u00f3n aplicable, podr\u00e1 solicitar, en cualquier momento, el acceso a los datos personales que le conciernen, as\u00ed como su rectificaci\u00f3n, supresi\u00f3n o la limitaci\u00f3n de su tratamiento, la portabilidad de sus datos, u oponerse a su tratamiento, mediante correo electr\u00f3nico dirigido a info@lamarescapela.pt.<\/p>\n<p>Tambi\u00e9n podr\u00e1, a trav\u00e9s de dicho medio, retirar su consentimiento al tratamiento de datos con las finalidades indicadas, lo que no invalida, no obstante, el tratamiento realizado hasta esa fecha sobre la base del consentimiento previamente prestado. Sin perjuicio de cualquier otro medio de recurso administrativo o judicial, usted tiene derecho a presentar un reclamo ante CNPD u otra autoridad de control competente de conformidad con la ley, si considera que el tratamiento de sus datos por parte de LACA viola el r\u00e9gimen jur\u00eddico vigente en cada momento.<\/p>\n<p>Para m\u00e1s informaci\u00f3n, consulte la <strong><a href=\"https:\/\/lamarescapela.pt\/es\/politica-de-privacidad\/\">Pol\u00edtica de Privacidad<\/a><\/strong>.<\/p>\n\t\t\t\t\t\t\t\t<\/div>\n\t\t\t\t<\/div>\n\t\t\t\t\t<\/div>\n\t\t\t\t<\/div>\n\t\t\t\t<\/div>\n\t\t","protected":false},"excerpt":{"rendered":"<p>RGPD, Condiciones para el Tratamiento de Datos Personales Los datos recogidos en este formulario ser\u00e1n tratados por Lamares, Capela &amp; Associados, Sociedade de Advogados, SP RL (\u201cLACA\u201d), como responsable del tratamiento. La informaci\u00f3n proporcionada ser\u00e1 procesada, con su consentimiento, con el fin de enviarle comunicaciones e informaci\u00f3n relevante, y se conservar\u00e1 mientras mantenga su inter\u00e9s [&hellip;]<\/p>\n","protected":false},"author":8,"featured_media":0,"parent":0,"menu_order":98,"comment_status":"closed","ping_status":"closed","template":"elementor_header_footer","meta":{"_acf_changed":false,"footnotes":""},"class_list":["post-40057","page","type-page","status-publish","hentry"],"acf":[],"_links":{"self":[{"href":"https:\/\/lamarescapela.pt\/es\/wp-json\/wp\/v2\/pages\/40057","targetHints":{"allow":["GET"]}}],"collection":[{"href":"https:\/\/lamarescapela.pt\/es\/wp-json\/wp\/v2\/pages"}],"about":[{"href":"https:\/\/lamarescapela.pt\/es\/wp-json\/wp\/v2\/types\/page"}],"author":[{"embeddable":true,"href":"https:\/\/lamarescapela.pt\/es\/wp-json\/wp\/v2\/users\/8"}],"replies":[{"embeddable":true,"href":"https:\/\/lamarescapela.pt\/es\/wp-json\/wp\/v2\/comments?post=40057"}],"version-history":[{"count":0,"href":"https:\/\/lamarescapela.pt\/es\/wp-json\/wp\/v2\/pages\/40057\/revisions"}],"wp:attachment":[{"href":"https:\/\/lamarescapela.pt\/es\/wp-json\/wp\/v2\/media?parent=40057"}],"curies":[{"name":"wp","href":"https:\/\/api.w.org\/{rel}","templated":true}]}}

<div data-elementor-type="wp-page" data-elementor-id="40057" class="elementor elementor-40057 elementor-36774" data-elementor-settings="{&quot;element_pack_global_tooltip_width&quot;:{&quot;unit&quot;:&quot;px&quot;,&quot;size&quot;:&quot;&quot;,&quot;sizes&quot;:[]},&quot;element_pack_global_tooltip_width_tablet&quot;:{&quot;unit&quot;:&quot;px&quot;,&quot;size&quot;:&quot;&quot;,&quot;sizes&quot;:[]},&quot;element_pack_global_tooltip_width_mobile&quot;:{&quot;unit&quot;:&quot;px&quot;,&quot;size&quot;:&quot;&quot;,&quot;sizes&quot;:[]},&quot;element_pack_global_tooltip_padding&quot;:{&quot;unit&quot;:&quot;px&quot;,&quot;top&quot;:&quot;&quot;,&quot;right&quot;:&quot;&quot;,&quot;bottom&quot;:&quot;&quot;,&quot;left&quot;:&quot;&quot;,&quot;isLinked&quot;:true},&quot;element_pack_global_tooltip_padding_tablet&quot;:{&quot;unit&quot;:&quot;px&quot;,&quot;top&quot;:&quot;&quot;,&quot;right&quot;:&quot;&quot;,&quot;bottom&quot;:&quot;&quot;,&quot;left&quot;:&quot;&quot;,&quot;isLinked&quot;:true},&quot;element_pack_global_tooltip_padding_mobile&quot;:{&quot;unit&quot;:&quot;px&quot;,&quot;top&quot;:&quot;&quot;,&quot;right&quot;:&quot;&quot;,&quot;bottom&quot;:&quot;&quot;,&quot;left&quot;:&quot;&quot;,&quot;isLinked&quot;:true},&quot;element_pack_global_tooltip_border_radius&quot;:{&quot;unit&quot;:&quot;px&quot;,&quot;top&quot;:&quot;&quot;,&quot;right&quot;:&quot;&quot;,&quot;bottom&quot;:&quot;&quot;,&quot;left&quot;:&quot;&quot;,&quot;isLinked&quot;:true},&quot;element_pack_global_tooltip_border_radius_tablet&quot;:{&quot;unit&quot;:&quot;px&quot;,&quot;top&quot;:&quot;&quot;,&quot;right&quot;:&quot;&quot;,&quot;bottom&quot;:&quot;&quot;,&quot;left&quot;:&quot;&quot;,&quot;isLinked&quot;:true},&quot;element_pack_global_tooltip_border_radius_mobile&quot;:{&quot;unit&quot;:&quot;px&quot;,&quot;top&quot;:&quot;&quot;,&quot;right&quot;:&quot;&quot;,&quot;bottom&quot;:&quot;&quot;,&quot;left&quot;:&quot;&quot;,&quot;isLinked&quot;:true}}" data-elementor-post-type="page">
				<div class="elementor-element elementor-element-5c958705 e-flex e-con-boxed e-con e-parent" data-id="5c958705" data-element_type="container" data-e-type="container" data-settings="{&quot;background_background&quot;:&quot;classic&quot;}">
					<div class="e-con-inner">
				<div class="elementor-element elementor-element-51ee664c elementor-widget elementor-widget-heading" data-id="51ee664c" data-element_type="widget" data-e-type="widget" data-widget_type="heading.default">
				<div class="elementor-widget-container">
					<h1 class="elementor-heading-title elementor-size-default">RGPD, Condiciones para el Tratamiento de Datos Personales</h1>				</div>
				</div>
				<div class="elementor-element elementor-element-639adeeb elementor-widget-divider--view-line elementor-widget elementor-widget-divider" data-id="639adeeb" data-element_type="widget" data-e-type="widget" data-widget_type="divider.default">
				<div class="elementor-widget-container">
							<div class="elementor-divider">
			<span class="elementor-divider-separator">
						</span>
		</div>
						</div>
				</div>
					</div>
				</div>
		<div class="elementor-element elementor-element-83ce2f8 e-flex e-con-boxed e-con e-parent" data-id="83ce2f8" data-element_type="container" data-e-type="container">
					<div class="e-con-inner">
				<div class="elementor-element elementor-element-7aeb7b65 elementor-widget elementor-widget-text-editor" data-id="7aeb7b65" data-element_type="widget" data-e-type="widget" data-widget_type="text-editor.default">
				<div class="elementor-widget-container">
									<p>Los datos recogidos en este formulario serán tratados por Lamares, Capela &amp; Associados, Sociedade de Advogados, SP RL (“LACA”), como responsable del tratamiento.</p>
<p>La información proporcionada será procesada, con su consentimiento, con el fin de enviarle comunicaciones e información relevante, y se conservará mientras mantenga su interés en recibir nuestras comunicaciones e información relevante. LACA utilizará entidades subcontratadas para los fines antes mencionados, garantizando la confidencialidad y seguridad de los datos personales que nos proporcione.</p>
<p>De acuerdo con la legislación aplicable, podrá solicitar, en cualquier momento, el acceso a los datos personales que le conciernen, así como su rectificación, supresión o la limitación de su tratamiento, la portabilidad de sus datos, u oponerse a su tratamiento, mediante correo electrónico dirigido a info@lamarescapela.pt.</p>
<p>También podrá, a través de dicho medio, retirar su consentimiento al tratamiento de datos con las finalidades indicadas, lo que no invalida, no obstante, el tratamiento realizado hasta esa fecha sobre la base del consentimiento previamente prestado. Sin perjuicio de cualquier otro medio de recurso administrativo o judicial, usted tiene derecho a presentar un reclamo ante CNPD u otra autoridad de control competente de conformidad con la ley, si considera que el tratamiento de sus datos por parte de LACA viola el régimen jurídico vigente en cada momento.</p>
<p>Para más información, consulte la <strong><a href="https://lamarescapela.pt/es/politica-de-privacidad/">Política de Privacidad</a></strong>.</p>
								</div>
				</div>
					</div>
				</div>
				</div>

<p>RGPD, Condiciones para el Tratamiento de Datos Personales Los datos recogidos en este formulario serán tratados por Lamares, Capela &amp; Associados, Sociedade de Advogados, SP RL (“LACA”), como responsable del tratamiento. La información proporcionada será procesada, con su consentimiento, con el fin de enviarle comunicaciones e información relevante, y se conservará mientras mantenga su interés [&hellip;]</p>
